16 = 2*t - 4*q. Give k(t).
-6
Let t(f) = 6*f - 33. Let u be t(6). Suppose 0 = u*x + 11 - 17. Let m(n) = -2*n**3 - 4 - 4*n**x + 7*n**2 + 2*n + n**3 + n. Calculate m(3).
5
Let s = 95 + -93. Let d(g) = g - g**3 + 3*g**s - 4*g**2 + 7*g**2 + g**2 - 2*g**2. Calculate d(5).
5
Let i(t) be the third derivative of t**7/840 + 11*t**6/360 + t**4/12 + 149*t**3/6 - 84*t**2. Let p(z) be the first derivative of i(z). What is p(-11)?
2
Let t(i) = i**3 - i**2 - i - 4. Let k be (-1 - 0)*-9*1. Let w(p) = -p**3 - 92*p**2 + 101*p**2 + 6*p - 6*p. Let x be w(k). What is t(x)?
-4
Let v(j) = 5*j + 0 - 5*j**2 + 5 + 1. Let m(k) = -k - 1. Suppose -3*z = 5*q + 15, -11*q + 12*q + 6 = 0. Let r(s) = z*m(s) + v(s). Calculate r(1).
-4
Let j(g) = g**3 - 7*g**2 + 7*g + 6. Let m(c) be the second derivative of -1/6*c**3 + 11*c - 1/2*c**2 + 0. Let u(i) = j(i) + 2*m(i). What is u(6)?
-2
Let h(x) = x**2 - 9*x - 158. Let j be h(18). Let f(z) = -32 + 28 + 3*z**2 - z**3 + 0*z**2 - z. Give f(j).
-24
Let u be (4*(-1)/(-10))/((-2)/(-10)). Let q be 2/((9/u)/9). Suppose -q*w - w + 5 = 0. Let t(c) = 4*c**3 - c**2 - c + 1. Calculate t(w).
3
Let v(u) = -7*u - 10. Suppose 15 = 12*i - 19 - 26. Determine v(i).
-45
Let i(j) be the second derivative of -1/6*j**3 + 0 - 3*j - 3*j**2. Let o be ((-6)/(-4))/((-9)/(-6)) + -7. What is i(o)?
0
Suppose -4*p + 241 = b - 165, p - 100 = -b. Suppose -p*l + 105*l = 18. Let r(g) = g + 1. Give r(l).
7
Let w(h) be the first derivative of -2*h**3/3 + 3*h**2/2 + 6. Let g = 671 + -668. What is w(g)?
-9
Let h(l) = 4*l**2 - 2*l + 1. Let r(d) = -5*d**2 - 41*d - 123. Let n(q) = -27*q**2 - 204*q - 616. Let t(j) = 2*n(j) - 11*r(j). Let b be t(-40). Give h(b).
3
Let s(h) = 15*h**3 - 6*h**2 + h - 1. Let c(o) = -o**3 - o**2. Let a(z) = 5*c(z) - s(z). Calculate a(1).
-19
Let v(h) = 8*h**2 + 0*h**2 + 20*h**2 + 5*h**3 - 12*h**2 - 4 - 16*h + 2. Calculate v(-4).
-2
Let c be 4 + -5 + (3 - -1). Suppose 0 = -2*l + 4, a = -2*l + 6*l - c. Let q(m) = m + 14. Let k(b) = -b - 7. Let r(h) = -5*k(h) - 3*q(h). Give r(a).
3
Let x(f) = 5*f**2 - 39*f - 340. Let y(m) = m**2 - 8*m - 68. Let u(a) = 2*x(a) - 11*y(a). Let l be u(-5). Let w(p) = -p**3 - 7*p**2 + p + 5. Determine w(l).
-2
Let h(r) = -11 + 53 - 16 + 14*r - 16 - 7. Give h(-1).
-11
Suppose -36*x + 34*x + 12 = 2*k, -5*k + 46 = -3*x. Let j(c) = -c**3 + 9*c**2 + 3*c + 9. Calculate j(k).
97
Let f(y) be the third derivative of -y**6/120 - 23*y**5/60 + 25*y**4/24 - 2*y**3 - 2115*y**2. Give f(-24).
-36
Let j(r) be the third derivative of -r**7/5040 + r**5/20 - 2*r**2. Let i(x) be the third derivative of j(x). Suppose 509*u + 1275 = 84*u. Calculate i(u).
3
Let i be (2/(-5))/(1/15). Let l(y) = 23*y + 6. Let p(n) = -29*n + 0 - 1 + 25*n. Let s(r) = -l(r) - 6*p(r). Give s(i).
-6
Let a be 18/4 - 6/4. Let q = 53 + -53. Let j(r) = r**2 - 13*r + 12*r + q*r**2. Determine j(a).
6
Let r(a) = -a**3 + 6*a**2 - 2*a - 5. Let t = 116 - 113. Suppose 2 = -w + 3, -14 = -t*l + w. Give r(l).
10
Let v(f) = f**3 - 4*f**2 + f + 1. Let b be v(4). Let y(c) be the third derivative of 7/6*c**3 - 1/12*c**4 + 0*c + 82*c**2 + 0. Give y(b).
-3
Let k = -68 + 62. Let y(n) be the first derivative of 47 - 7/3*n**3 - 2*n - 1/4*n**4 - 4*n**2. Give y(k).
10
Suppose -a + 251 = 4*z + 206, -15 = -4*z + 5*a. Let p(m) = 2 + 2 + 3 - 11*m + m**2. Give p(z).
-3
Let x be 250/175 - 78/(-14). Let b(g) = -g**3 + 8*g**2 - 12*g + 14. Calculate b(x).
-21
Let h(a) = a**3 - 10*a**2 + 8*a + 4. Let l = 339 - 346. Let g(q) = -41*q - 278. Let p be g(l). Determine h(p).
-5
Let g(x) be the first derivative of 1/4*x**4 + 11/3*x**3 + 6*x + 31 + 1/2*x**2. Give g(-11).
-5
Let b(u) = -u**3 + 5*u**2 + 5*u + 21. Let f(w) = -w**3 - 106*w**2 + 540*w - 1658. Let z be f(-111). What is b(z)?
-42
Let k(c) = -4*c**2 + 17*c - 579. Let d(v) = -2*v**2 + 9*v - 265. Let r(q) = -13*d(q) + 6*k(q). Determine r(-2).
9
Let c(j) = 9 - 4 - 7 + 55*j - j - 1. Determine c(-1).
-57
Let i(b) = 16*b**2 + 33*b + 0*b**3 - 2*b**3 - 12*b - 6*b + 3*b**3 + 3. Calculate i(-15).
3
Let t(p) be the first derivative of -p**3/3 - 7*p**2/2 + 9*p - 266. Suppose -2*k + 4 = 2*u, 2*k - u - 2 = 11. Suppose 0 = k*r + 42 - 7. Determine t(r).
9
Let p(f) be the first derivative of -f**3/3 - 37*f**2/2 - 70*f - 434. Give p(-34).
32
Let u be -1 + (2 - (-30 - 0)). Let p = u - 28. Suppose 3*s - 12 - 7 = 4*m, -p*s + m + 7 = 0. Let l(o) = -o**2. Give l(s).
-1
Let f(k) = -10*k**2 - 49*k + 28. Let x(h) = 2*h**2 + 10*h - 5. Let q(z) = -z**2 + 16*z - 39. Let y be q(14). Let g(o) = y*x(o) - 2*f(o). Determine g(-5).
9
Let a(y) = -y**3 + 10*y**2 + 2*y - 2. Let b be a(10). Let d(c) = 9*c**2 + 9*c**2 + 4 - c**2 - b*c**2. Suppose 67 = 48*z - 125. Give d(z).
-12
Let b(w) = 98 + 3*w - 103 - w**3 + 0*w**2 + 4*w**2. Suppose 13*q - 3848 = -3822. Determine b(q).
9
Suppose 207 = 2*l - 5*x + 231, 2*x = 5*l - 3. Let m(k) = k**2 - 11*k + 13. Give m(l).
-11
Let a(u) = 2*u + 4. Let q(d) = -2*d - 4. Let g(j) = 3*a(j) + 2*q(j). Suppose -8*h = 4 - 20. Let c be (2/h)/(5/15). Determine g(c).
10
Suppose 0 = 2*y - 3 - 1. Suppose -3*g + g - 4*r = -86, -g + r = -40. Let h(j) = -g*j + 19*j + 2*j**2 + j**3 + 20*j. Give h(y).
12
Let v(f) = -f**2 + 5*f - 10. Let u be v(3). Let z(n) = -2*n**2 - 6*n + 5. Let d(j) = -3*j**2 - 10*j + 4. Let r(g) = 3*d(g) - 4*z(g). Calculate r(u).
0
Let c(k) = 11*k**2 - 3*k**2 - 2 - 12*k**2 - 3*k - k**3. Suppose 3*t - 57 + 5 = -5*y, -3*t = y - 32. Suppose 4*l - l = -t. Give c(l).
-2
Let b(k) be the first derivative of 3*k - 3/2*k**2 - 11/3*k**3 - 59. What is b(2)?
-47
Let l(f) = f + 7. Let j(t) be the second derivative of 19*t**3/3 - 21*t**2 - 198*t. Let x be j(1). Calculate l(x).
3
Let k(v) be the first derivative of -3*v**2/2 - 2*v + 1. Suppose 2*r = -y - 3*r - 17, 2*y + 5*r + 14 = 0. Suppose 20*i - y = 57. Calculate k(i).
-11
Let a be (2/(-4))/((-4)/(-144)). Let m(y) = -49*y - 3. Let p(w) = -295*w - 36. Let j(o) = 6*m(o) - p(o). Determine j(a).
0
Let v(n) be the second derivative of -n**5/120 - n**4/4 + n**3/3 + 121*n**2/2 + 2*n - 204. Let d(c) be the second derivative of v(c). Give d(-5).
-1
Let b = 18 + 12. Suppose -13*h - b = -18*h. Let p(r) = r**2 - 9*r + 3. Let i(w) = -2*w**2 + 19*w - 5. Let o(y) = -4*i(y) - 9*p(y). Give o(h).
-13
Let m(q) be the first derivative of q**2/2 - q - 1. Let h(g) = 3*g + 189. Let u be h(-19). Let j be 21/6*u/(-77). Determine m(j).
-7
Let t be (67/134)/(-3*(-1)/(-6)). Let h(d) = -32*d**2 + d. What is h(t)?
-33
Let c(z) = -z - 60. Let p be -64 + 51 - 2*22. Calculate c(p).
-3
Suppose -3*r = 2*r - 3*p - 48, -3*p = 3. Let m(y) = -y**2 + 8*y + 51. Let u be m(12). Let a(v) = 0 + 8*v + v**u - 16*v + v**2 - 12 - 9*v**2 + v. Determine a(r).
6
Let w(b) be the first derivative of -b**3/3 - 3*b**2 + 5*b + 1. Let p be ((-4 + 4)/(0 + -2))/(-3). Suppose -12*x - 150 + 102 = p. Give w(x).
13
Let g = -3 + 10. Let c(j) = j**3 - 3*j**2 - 6*j - 8. Let l(k) = k**2 + k - 750 + 0*k**2 + 749. Let t(u) = c(u) - 3*l(u). Calculate t(g).
-19
Let v(m) = -7*m**2 + 6*m + 50. Let o(j) = 9*j**2 - 12*j - 52. Let p(k) = -3*o(k) - 4*v(k). Give p(-13).
-31
Let y(m) = -3*m - 3. Let j(w) = 4 + 4*w - w - w + 2*w. Let b(q) = -4*j(q) - 5*y(q). Let v = 8 + -14. What is b(v)?
5
Let t be 2 - 2 - (-76)/2. Let z(o) = -t*o + 25*o - 1 + 5*o**2 - 6*o**2 + 16*o. Calculate z(5).
-11
Let r(c) = -481*c + 164*c + 166*c + 11 + 156*c. Give r(-7).
-24
Let y(q) be the third derivative of -q**5/60 - 7*q**4/12 - 6*q**3 + 1536*q**2. What is y(-3)?
-3
Let o = -19 - -14. Let u(v) = -19*v - 61. Give u(o).
34
Let z(c) = 5*c + 6. Suppose 23*f + 350 = -2*f. Calculate z(f).
-64
Suppose 0 = -6*n + 5*g + 1184 - 1190, 2*n + 2*g = -2. Let u(j) = 14*j**2 + 17*j + 16. Calculate u(n).
13
Suppose -2*o = -22*o + 60. Let z(d) = 4*d**3 + d**3 - d**o + d**2 + 2*d**3. What is z(-1)?
-5
Let z = 784 + -779. Suppose -5*u + 15 = 0, -20*u = 2*l - 19*u + z. Let n(g) = 3*g - 5. What is n(l)?
-17
Let z(a) be the second derivative of -a**4/12 + 11*a**3/6 - 9*a**2 + 2*a + 10. Let i be -4 + 3/2*8. Determine z(i).
6
Let u = 2117/120 - 83/5. Let m(t) be the third derivative of -u*t**4 + 0*t**3 + 0 + 16*t**2 + 0*t. Give m(-1).
25
Let t(g) = -g**3 + 27*g**2 + 60*g - 72. Let j(z) = -214*z + 1741. Let h be j(8). What is t(h)?
-14
Let y(j) be the third derivative of j**5/30 - j**4/2 - 5*j**3/2 + 7*j**2 - 2*j - 15. Let n = -29 - -36. G